{"id":10,"date":"2024-12-02T21:39:30","date_gmt":"2024-12-02T20:39:30","guid":{"rendered":"https:\/\/psychotherapeutin-ilse-fiedler.de\/?page_id=10"},"modified":"2024-12-03T13:55:26","modified_gmt":"2024-12-03T12:55:26","slug":"ueber-uns","status":"publish","type":"page","link":"https:\/\/psychotherapeutin-ilse-fiedler.de\/index.php\/ueber-uns\/","title":{"rendered":"Zu meiner Person"},"content":{"rendered":"\n<div class=\"wp-block-group\"><div class=\"wp-block-group__inner-container is-layout-constrained wp-block-group-is-layout-constrained\"><div class=\"wp-block-image\">\n<figure class=\"alignleft size-large is-resized\"><img loading=\"lazy\" decoding=\"async\" width=\"1024\" height=\"768\" src=\"https:\/\/psychotherapeutin-ilse-fiedler.de\/wp-content\/uploads\/2024\/12\/signal-2024-11-29-123836_003-1024x768.jpeg\" alt=\"\" class=\"wp-image-33\" style=\"width:360px;height:auto\" srcset=\"https:\/\/psychotherapeutin-ilse-fiedler.de\/wp-content\/uploads\/2024\/12\/signal-2024-11-29-123836_003-1024x768.jpeg 1024w, https:\/\/psychotherapeutin-ilse-fiedler.de\/wp-content\/uploads\/2024\/12\/signal-2024-11-29-123836_003-1536x1152.jpeg 1536w, https:\/\/psychotherapeutin-ilse-fiedler.de\/wp-content\/uploads\/2024\/12\/signal-2024-11-29-123836_003-300x225.jpeg 300w, https:\/\/psychotherapeutin-ilse-fiedler.de\/wp-content\/uploads\/2024\/12\/signal-2024-11-29-123836_003-768x576.jpeg 768w, https:\/\/psychotherapeutin-ilse-fiedler.de\/wp-content\/uploads\/2024\/12\/signal-2024-11-29-123836_003.jpeg 1600w\" sizes=\"auto, (max-width: 767px) 89vw, (max-width: 1000px) 54vw, (max-width: 1071px) 543px, 580px\" \/><\/figure>\n<\/div>\n\n\n<p>Studium der Erziehungswissenschaften, einschlie\u00dflich Soziologie und Psychologie<br>Ausbildung zur Familien-Mediatorin<br>P\u00e4dagogische Mitarbeit in der Familienbildung und beim schulpsychologischen Beratungsdienst<br>Weiterbildung zur Kinder- und Jugendlichen-Psychotherapeutin<br>Kooperation mit der K\u00f6ln-Bonner Akademie f\u00fcr Psychotherapie<br>Mitglied der Psychotherapeutenkammer NRW und der VAKJP<br>Kassenzulassung f\u00fcr Analytische Psychotherapie und Tiefenpsychologisch fundierte Psychotherapie<\/p>\n<\/div><\/div>\n\n\n\n<p><\/p>\n","protected":false},"excerpt":{"rendered":"<p>Studium der Erziehungswissenschaften, einschlie\u00dflich Soziologie und PsychologieAusbildung zur Familien-MediatorinP\u00e4dagogische Mitarbeit in der Familienbildung und beim schulpsychologischen BeratungsdienstWeiterbildung zur Kinder- und Jugendlichen-PsychotherapeutinKooperation mit der K\u00f6ln-Bonner Akademie f\u00fcr PsychotherapieMitglied der Psychotherapeutenkammer NRW und der VAKJPKassenzulassung f\u00fcr Analytische Psychotherapie und Tiefenpsychologisch fundierte Psychotherapie<\/p>\n","protected":false},"author":1,"featured_media":30,"parent":0,"menu_order":0,"comment_status":"closed","ping_status":"closed","template":"","meta":{"footnotes":""},"class_list":["post-10","page","type-page","status-publish","has-post-thumbnail","hentry"],"_links":{"self":[{"href":"https:\/\/psychotherapeutin-ilse-fiedler.de\/index.php\/wp-json\/wp\/v2\/pages\/10","targetHints":{"allow":["GET"]}}],"collection":[{"href":"https:\/\/psychotherapeutin-ilse-fiedler.de\/index.php\/wp-json\/wp\/v2\/pages"}],"about":[{"href":"https:\/\/psychotherapeutin-ilse-fiedler.de\/index.php\/wp-json\/wp\/v2\/types\/page"}],"author":[{"embeddable":true,"href":"https:\/\/psychotherapeutin-ilse-fiedler.de\/index.php\/wp-json\/wp\/v2\/users\/1"}],"replies":[{"embeddable":true,"href":"https:\/\/psychotherapeutin-ilse-fiedler.de\/index.php\/wp-json\/wp\/v2\/comments?post=10"}],"version-history":[{"count":9,"href":"https:\/\/psychotherapeutin-ilse-fiedler.de\/index.php\/wp-json\/wp\/v2\/pages\/10\/revisions"}],"predecessor-version":[{"id":53,"href":"https:\/\/psychotherapeutin-ilse-fiedler.de\/index.php\/wp-json\/wp\/v2\/pages\/10\/revisions\/53"}],"wp:featuredmedia":[{"embeddable":true,"href":"https:\/\/psychotherapeutin-ilse-fiedler.de\/index.php\/wp-json\/wp\/v2\/media\/30"}],"wp:attachment":[{"href":"https:\/\/psychotherapeutin-ilse-fiedler.de\/index.php\/wp-json\/wp\/v2\/media?parent=10"}],"curies":[{"name":"wp","href":"https:\/\/api.w.org\/{rel}","templated":true}]}}

<div class="wp-block-group"><div class="wp-block-group__inner-container is-layout-constrained wp-block-group-is-layout-constrained"><div class="wp-block-image">
<figure class="alignleft size-large is-resized"><img loading="lazy" decoding="async" width="1024" height="768" src="https://psychotherapeutin-ilse-fiedler.de/wp-content/uploads/2024/12/signal-2024-11-29-123836_003-1024x768.jpeg" alt="" class="wp-image-33" style="width:360px;height:auto" srcset="https://psychotherapeutin-ilse-fiedler.de/wp-content/uploads/2024/12/signal-2024-11-29-123836_003-1024x768.jpeg 1024w, https://psychotherapeutin-ilse-fiedler.de/wp-content/uploads/2024/12/signal-2024-11-29-123836_003-1536x1152.jpeg 1536w, https://psychotherapeutin-ilse-fiedler.de/wp-content/uploads/2024/12/signal-2024-11-29-123836_003-300x225.jpeg 300w, https://psychotherapeutin-ilse-fiedler.de/wp-content/uploads/2024/12/signal-2024-11-29-123836_003-768x576.jpeg 768w, https://psychotherapeutin-ilse-fiedler.de/wp-content/uploads/2024/12/signal-2024-11-29-123836_003.jpeg 1600w" sizes="auto, (max-width: 767px) 89vw, (max-width: 1000px) 54vw, (max-width: 1071px) 543px, 580px" /></figure>
</div>


<p>Studium der Erziehungswissenschaften, einschließlich Soziologie und Psychologie<br>Ausbildung zur Familien-Mediatorin<br>Pädagogische Mitarbeit in der Familienbildung und beim schulpsychologischen Beratungsdienst<br>Weiterbildung zur Kinder- und Jugendlichen-Psychotherapeutin<br>Kooperation mit der Köln-Bonner Akademie für Psychotherapie<br>Mitglied der Psychotherapeutenkammer NRW und der VAKJP<br>Kassenzulassung für Analytische Psychotherapie und Tiefenpsychologisch fundierte Psychotherapie</p>
</div></div>



<p></p>

<p>Studium der Erziehungswissenschaften, einschließlich Soziologie und PsychologieAusbildung zur Familien-MediatorinPädagogische Mitarbeit in der Familienbildung und beim schulpsychologischen BeratungsdienstWeiterbildung zur Kinder- und Jugendlichen-PsychotherapeutinKooperation mit der Köln-Bonner Akademie für PsychotherapieMitglied der Psychotherapeutenkammer NRW und der VAKJPKassenzulassung für Analytische Psychotherapie und Tiefenpsychologisch fundierte Psychotherapie</p>
