{"id":9,"date":"2024-12-02T21:39:30","date_gmt":"2024-12-02T20:39:30","guid":{"rendered":"https:\/\/psychotherapeutin-ilse-fiedler.de\/?page_id=9"},"modified":"2024-12-07T20:09:03","modified_gmt":"2024-12-07T19:09:03","slug":"startseite","status":"publish","type":"page","link":"https:\/\/psychotherapeutin-ilse-fiedler.de\/","title":{"rendered":"Ilse Fiedler"},"content":{"rendered":"\n<p><strong>Diplom P\u00e4dagogin<br>Psychotherapeutin f\u00fcr Kinder, Jugendliche, junge Erwachsene und Eltern<\/strong><\/p>\n\n\n\n<p><strong>Verstehen, unterst\u00fctzen, ermutigen, ver\u00e4ndern<\/strong><\/p>\n\n\n\n<p>Nicht alle Verhaltensauff\u00e4lligkeiten oder emotionalen Beeintr\u00e4chtigungen sind behandlungsbed\u00fcrftig;<br>sie zeigen sich auch vor\u00fcbergehend im normalen Entwicklungsprozess eines Kindes oder Jugendlichen.<\/p>\n\n\n\n<p> Sollten die Auff\u00e4lligkeiten jedoch l\u00e4nger anhalten, sich verst\u00e4rken oder zu einer erheblichen Beeintr\u00e4chtigung des Wohlbefindens sowohl des Kindes \/ Jugendlichen als auch innerhalb der Familie, zu Schwierigkeiten im schulischen Bereich oder im Freundeskreis f\u00fchren, so ist die Kontaktaufnahme zu einer Psychotherapeutin \/ einem Psychotherapeuten ratsam.<\/p>\n\n\n\n<div class=\"wp-block-group\"><div class=\"wp-block-group__inner-container is-layout-constrained wp-block-group-is-layout-constrained\">\n<p>Anl\u00e4sse, eine Psychotherapeutin \/ einen Psychotherapeuten aufzusuchen, sind zum Beispiel:<\/p>\n\n\n\n<ul class=\"wp-block-list\">\n<li>\u00c4ngste und Panikattacken<\/li>\n\n\n\n<li>Depressionen<\/li>\n\n\n\n<li>emotionale und soziale Verhaltensauff\u00e4lligkeiten<\/li>\n\n\n\n<li>Zwangsst\u00f6rungen<\/li>\n\n\n\n<li>akute und posttraumatische Belastungen<\/li>\n\n\n\n<li>psychosomatische Erkrankungen<\/li>\n\n\n\n<li>Essst\u00f6rungen<\/li>\n\n\n\n<li>Enuresis, Enkopresis<\/li>\n<\/ul>\n<\/div><\/div>\n\n\n\n<p>Die Kontaktaufnahme ist ohne \u00dcberweisung m\u00f6glich.<br>Ab einem Alter von 14 Jahren k\u00f6nnen Jugendliche ohne Absprache mit den Eltern einen Termin vereinbaren. Es besteht Schweigepflicht.<\/p>\n\n\n\n<p>Nach einem Erstgespr\u00e4ch zum Kennenlernen folgen diagnostische Sitzungen und im Anschluss die Entscheidung, ob und welche Therapie (tiefenpsychologisch fundiert oder analytisch, als Kurzzeit &#8211; oder als Langzeittherapie) notwendig ist.<\/p>\n","protected":false},"excerpt":{"rendered":"<p>Diplom P\u00e4dagoginPsychotherapeutin f\u00fcr Kinder, Jugendliche, junge Erwachsene und Eltern Verstehen, unterst\u00fctzen, ermutigen, ver\u00e4ndern Nicht alle Verhaltensauff\u00e4lligkeiten oder emotionalen Beeintr\u00e4chtigungen sind behandlungsbed\u00fcrftig;sie zeigen sich auch vor\u00fcbergehend im normalen Entwicklungsprozess eines Kindes oder Jugendlichen. Sollten die Auff\u00e4lligkeiten jedoch l\u00e4nger anhalten, sich verst\u00e4rken oder zu einer erheblichen Beeintr\u00e4chtigung des Wohlbefindens sowohl des Kindes \/ Jugendlichen als auch innerhalb &hellip; <\/p>\n<p class=\"link-more\"><a href=\"https:\/\/psychotherapeutin-ilse-fiedler.de\/\" class=\"more-link\"><span class=\"screen-reader-text\">\u201eIlse Fiedler\u201c<\/span> weiterlesen<\/a><\/p>\n","protected":false},"author":1,"featured_media":0,"parent":0,"menu_order":0,"comment_status":"closed","ping_status":"closed","template":"","meta":{"footnotes":""},"class_list":["post-9","page","type-page","status-publish","hentry"],"_links":{"self":[{"href":"https:\/\/psychotherapeutin-ilse-fiedler.de\/index.php\/wp-json\/wp\/v2\/pages\/9","targetHints":{"allow":["GET"]}}],"collection":[{"href":"https:\/\/psychotherapeutin-ilse-fiedler.de\/index.php\/wp-json\/wp\/v2\/pages"}],"about":[{"href":"https:\/\/psychotherapeutin-ilse-fiedler.de\/index.php\/wp-json\/wp\/v2\/types\/page"}],"author":[{"embeddable":true,"href":"https:\/\/psychotherapeutin-ilse-fiedler.de\/index.php\/wp-json\/wp\/v2\/users\/1"}],"replies":[{"embeddable":true,"href":"https:\/\/psychotherapeutin-ilse-fiedler.de\/index.php\/wp-json\/wp\/v2\/comments?post=9"}],"version-history":[{"count":34,"href":"https:\/\/psychotherapeutin-ilse-fiedler.de\/index.php\/wp-json\/wp\/v2\/pages\/9\/revisions"}],"predecessor-version":[{"id":156,"href":"https:\/\/psychotherapeutin-ilse-fiedler.de\/index.php\/wp-json\/wp\/v2\/pages\/9\/revisions\/156"}],"wp:attachment":[{"href":"https:\/\/psychotherapeutin-ilse-fiedler.de\/index.php\/wp-json\/wp\/v2\/media?parent=9"}],"curies":[{"name":"wp","href":"https:\/\/api.w.org\/{rel}","templated":true}]}}

<p><strong>Diplom Pädagogin<br>Psychotherapeutin für Kinder, Jugendliche, junge Erwachsene und Eltern</strong></p>



<p><strong>Verstehen, unterstützen, ermutigen, verändern</strong></p>



<p>Nicht alle Verhaltensauffälligkeiten oder emotionalen Beeinträchtigungen sind behandlungsbedürftig;<br>sie zeigen sich auch vorübergehend im normalen Entwicklungsprozess eines Kindes oder Jugendlichen.</p>



<p> Sollten die Auffälligkeiten jedoch länger anhalten, sich verstärken oder zu einer erheblichen Beeinträchtigung des Wohlbefindens sowohl des Kindes / Jugendlichen als auch innerhalb der Familie, zu Schwierigkeiten im schulischen Bereich oder im Freundeskreis führen, so ist die Kontaktaufnahme zu einer Psychotherapeutin / einem Psychotherapeuten ratsam.</p>



<div class="wp-block-group"><div class="wp-block-group__inner-container is-layout-constrained wp-block-group-is-layout-constrained">
<p>Anlässe, eine Psychotherapeutin / einen Psychotherapeuten aufzusuchen, sind zum Beispiel:</p>



<ul class="wp-block-list">
<li>Ängste und Panikattacken</li>



<li>Depressionen</li>



<li>emotionale und soziale Verhaltensauffälligkeiten</li>



<li>Zwangsstörungen</li>



<li>akute und posttraumatische Belastungen</li>



<li>psychosomatische Erkrankungen</li>



<li>Essstörungen</li>



<li>Enuresis, Enkopresis</li>
</ul>
</div></div>



<p>Die Kontaktaufnahme ist ohne Überweisung möglich.<br>Ab einem Alter von 14 Jahren können Jugendliche ohne Absprache mit den Eltern einen Termin vereinbaren. Es besteht Schweigepflicht.</p>



<p>Nach einem Erstgespräch zum Kennenlernen folgen diagnostische Sitzungen und im Anschluss die Entscheidung, ob und welche Therapie (tiefenpsychologisch fundiert oder analytisch, als Kurzzeit &#8211; oder als Langzeittherapie) notwendig ist.</p>

<p>Diplom PädagoginPsychotherapeutin für Kinder, Jugendliche, junge Erwachsene und Eltern Verstehen, unterstützen, ermutigen, verändern Nicht alle Verhaltensauffälligkeiten oder emotionalen Beeinträchtigungen sind behandlungsbedürftig;sie zeigen sich auch vorübergehend im normalen Entwicklungsprozess eines Kindes oder Jugendlichen. Sollten die Auffälligkeiten jedoch länger anhalten, sich verstärken oder zu einer erheblichen Beeinträchtigung des Wohlbefindens sowohl des Kindes / Jugendlichen als auch innerhalb &hellip; </p>
<p class="link-more"><a href="https://psychotherapeutin-ilse-fiedler.de/" class="more-link"><span class="screen-reader-text">„Ilse Fiedler“</span> weiterlesen</a></p>
